
Let j(p) = p**3 + 7*p**2 + 8*p. Let o = -2 + -4. Calculate j(o).
-12
Let s(v) be the third derivative of v**4/24 + v**3/3 - 3*v**2. Calculate s(-6).
-4
Let d(i) = 3*i**2 - i + 2. Let x(m) = -4*m + 38. Let n be x(9). Determine d(n).
12
Suppose -2*b = -z - 6*b + 17, -5*z + 37 = 4*b. Let k(u) = u**3 - 5*u**2 - 7*u + 3. Calculate k(z).
-32
Let c be -4 + 9/((-27)/(-6)). Let j(r) = 3*r**2 + 2*r + 1. Give j(c).
9
Let s(t) = -t**2 - t + 4. Let v(a) be the first derivative of 5*a**2/2 - a + 2. Let g be v(1). Let z = g + -4. What is s(z)?
4
Suppose -28 = -4*r - x - x, 5*r - 33 = -2*x. Suppose 0 = r*l - 7 - 3. Let y(o) = o**2 + o - 2. Calculate y(l).
4
Let v(r) = -9*r**2 + 5*r - 9. Let p(a) = -3*a**2 + 2*a - 3. Let b(t) = -7*p(t) + 2*v(t). What is b(2)?
7
Let c(s) be the second derivative of -s**5/20 + 5*s**4/12 - 2*s**3/3 + s**2 + s. Suppose t - 130 = -4*t. Suppose 0 = -5*z - 6 + t. What is c(z)?
2
Suppose -d = 5, 4 = 4*r - d - 1. Let p(y) = -2*y**3 + r*y**3 + 4 - y**3 - 3*y**2 + 4*y**3 - 4*y. Let f = 7 - 3. Calculate p(f).
4
Let w(b) = -b**3 - 3*b**2 + 2*b - 3. Let f be (-4)/2*(-2)/2. Suppose 2*r - 3*t + 1 = 2, -2*r + 2*t = f. Give w(r).
5
Let n = 0 - 1. Let o(a) = a**2 + 14*a - 20. Let v(z) = -5*z + 7. Let q(m) = -6*o(m) - 17*v(m). Determine q(n).
-6
Suppose -3*m - 1 = -13. Let z(t) = -4*t + 1. Calculate z(m).
-15
Let r(d) be the second derivative of -d**3/6 - d**2 + 2*d. Suppose -2*j = -0*j. What is r(j)?
-2
Let f be (-2 + (-6)/(-3))/1. Let d(u) be the third derivative of 0 + f*u + 1/2*u**3 - u**2 - 1/4*u**4. Determine d(2).
-9
Let s(u) = -u**3 - 5*u**2 + u - 7. Let q(m) = -m**3. Let n(j) = -2*q(j) + s(j). Let v = -9 - -19. Let w = -5 + v. Give n(w).
-2
Let b(s) = 8*s**3 + 12*s**2 - 11*s - 12. Let l(j) = -3*j**3 - 4*j**2 + 4*j + 4. Let w(a) = 4*b(a) + 11*l(a). What is w(4)?
-4
Let k(m) be the third derivative of -1/6*m**3 + 0*m - m**2 + 0 + 1/120*m**5 - 1/12*m**4. Let v(y) be the first derivative of k(y). Calculate v(1).
-1
Let c(g) be the second derivative of g**5/20 + 5*g**4/12 - 7*g**3/6 - 4*g**2 + 2*g. Give c(-6).
-2
Suppose -3 - 2 = -5*r - 5*a, 4*r - 6 = -2*a. Let o(b) = -b**r - 4*b + 4*b + 1. What is o(-2)?
-3
Let z(d) be the third derivative of -d**5/60 - d**4/3 + d**3/2 - 2*d**2 - 1. What is z(-8)?
3
Let v(g) = 2*g - 1. Let z = -2 + 9. Let n = z + -3. Suppose c = d + 6, d + n*c - 13 - 1 = 0. Calculate v(d).
-5
Suppose -3*f - 2*t + 0*t - 16 = 0, 2*t = 5*f. Let j(l) be the first derivative of -l**2 + 1/3*l**3 - 1 + 1/4*l**4 - 3*l. Give j(f).
-3
Let k(v) be the first derivative of v**3/3 - 7*v**2/2 - 5*v - 26. Let d = 11 - 5. Determine k(d).
-11
Let f(q) = -q - 8. Suppose -4*s = -4*l - 44, 0 = 4*l + 2*s - 5*s + 39. What is f(l)?
-2
Suppose t + 2*t - 15 = 0. Let d(g) = -t*g**2 - g + 6*g**2 + 4*g**2 - 1 + g**2. Give d(-1).
6
Let k be -6 - (-1 - (-3 - 0)). Suppose 0 = 16*q - 18*q + 6. Let n = q + k. Let z(j) = j**2 + 3*j - 7. Determine z(n).
3
Let w(d) be the first derivative of -2*d**4 - d**3/3 - d**2/2 + d + 48. Give w(1).
-9
Let g(j) be the first derivative of j**3/3 + 5*j**2 + 4*j - 13. What is g(-9)?
-5
Let x(f) = -4*f + 27. Let n(s) = -s + 9. Let t(q) = -11*n(q) + 4*x(q). Calculate t(6).
-21
Let q(c) = -2 - 4*c - 2*c + 3*c - 7. What is q(-6)?
9
Suppose -4*j - 3*j = -21. Let f(l) be the first derivative of 5/2*l**2 + 2*l - 1/3*l**j - 3. Give f(4).
6
Let p(t) = -1 - 33*t + t**2 + 11*t + 5*t + 14*t. Determine p(-2).
9
Let m(r) be the first derivative of r**4/4 - 8*r**3/3 + 4*r**2 + 2*r - 22. Calculate m(6).
-22
Let m be 44/(-33)*27/(-12). Let y(i) be the first derivative of -i**2 + 4*i + 1. Determine y(m).
-2
Let v(l) = -7*l**2 - 3*l + 0*l**3 + 3*l**2 + 4 + 10*l - l**3. Let t be ((-2)/5)/((-1)/5). Suppose s - 2*i + 11 = 0, t*i - 23 = 5*s + 8. Determine v(s).
-6
Let h(s) = s**3 + 5*s**2 + 3*s. Suppose 5*c - 5*p = -10, -2*p + 7*p = -2*c - 11. What is h(c)?
9
Let u(s) = s**2 + 9*s + 3. Let f be 533/(-65) + 1/5. Determine u(f).
-5
Let l(y) = 7*y - 2. Let m be (-36)/108 + (-10)/6. Determine l(m).
-16
Let j = -3 + 5. Let o(n) be the first derivative of n + 1 + 0*n**j + 3 - 2*n**2. Calculate o(3).
-11
Suppose 2 = 4*w - 30. Let v = w + -13. Let r(x) = -2*x - 4. Determine r(v).
6
Let n(u) = -2 + 9 + 0 + u - 2*u. Calculate n(7).
0
Let o(b) = -3*b + 5. Let t be o(4). Let k(n) = n**3 + 8*n**2 + 8*n + 3. What is k(t)?
-4
Let g(x) = 0 + 2 + 5 - 3 + x. Let h be g(-10). Let o(r) = -r**2 - 6*r - 1. Determine o(h).
-1
Suppose -44 = 5*i - 16*i. Let z(n) = -2*n**2 + 2*n**3 + 7*n**2 - 5*n - 3*n**3. Give z(i).
-4
Suppose 3*h + 8 - 2 = 0. Let o(g) = 3*g - 5. Let m(f) = -4*f + 4. Let y(c) = -9*c + 9. Let k(z) = 7*m(z) - 3*y(z). Let i(n) = h*o(n) - 4*k(n). What is i(4)?
-2
Let z(x) = -5. Let b(c) = c + 9. Let t(f) = 3*b(f) + 5*z(f). Give t(-5).
-13
Suppose 2*p - 17 = 3*y, p - 17 = 4*y + 4*p. Suppose -4*s + 4*c = -8, -3*s + 4*s = 2*c + 4. Let i(f) = -f**3 + s - f - 98*f**2 - 4 + 93*f**2. Determine i(y).
1
Let x(t) = -3*t**2 - 1. Let m(l) = l**2 + 1. Let g(r) = -4*m(r) - x(r). Determine g(0).
-3
Let l = -2 - 1. Let v be (l - 1*-10) + -3. Suppose v*c - 8*c = -3*z + 43, -25 = -5*z. Let s(f) = f + 8. Give s(c).
1
Let o = -8 - -15. Let t(y) = -y**3 + 6*y**2 + 7*y + 2. Calculate t(o).
2
Let l = -2 + 6. Let a be l - (4 + -1)/3. Let x(t) = -3*t**2 + 0*t**a - 4 + 4*t + 0*t**3 - t**3. Give x(-4).
-4
Let v(i) = -i**3 - 5*i**2 - 2*i - 5. Let b(m) be the second derivative of -m**4/12 - m**3/2 + 5*m**2/2 + 2*m. Let n be b(-5). Determine v(n).
5
Let j be (-4)/(-3)*(-42)/(-28). Let u(d) = d**2 + 4*d**j + 0*d**2 - d - d**3. Calculate u(5).
-5
Let u be 2/(-9) - (-1146)/54. Let o = u + -13. Let m = o - 4. Let n(d) = -d**2 + 6*d - 4. What is n(m)?
4
Let q(o) = o**2 + 5*o + 3. Let i be q(-5). Let c(x) = x**3 - 3*x**2 + 2*x + 4. Calculate c(i).
10
Let a(f) = f**2 - 5*f + 1. Let r be ((-3)/(-6))/(1/6). Calculate a(r).
-5
Let o(b) = -b**2 - 2*b + 11. Suppose 0 = 3*x - 12 - 6. Let w(p) = -1. Let y(q) = x*w(q) + o(q). Suppose -5*m - 2*s - 22 = 0, -4*s - 10 = m - 2. Determine y(m).
-3
Let k(c) = 3*c - 3. Suppose 2*d - 10 = n, n + 3*d = -0*d + 10. Let s be (n - 0)/(2/(-4)). Determine k(s).
9
Let x(q) = -2*q**2 + 4*q - 3. Let z(p) = p + 8. Let a be z(-5). Determine x(a).
-9
Let o be (-2 - -3) + 2 - 1. Let s(c) = -5 + o*c - 32*c**2 + 33*c**2 + 2. Let g = -8 + 4. What is s(g)?
5
Let k(q) = -7*q**3 - 3*q**2 - q - 1. Let a(t) = -15*t**3 - 7*t**2 - 2*t - 3. Suppose 0 = 3*v + 8 - 23. Let s(u) = v*k(u) - 2*a(u). What is s(1)?
-6
Suppose -3*r + 0*r = 5*w - 32, 0 = -2*r - 4*w + 24. Let f(c) be the first derivative of -12 - 3*c - 2*c**2 + 1/3*c**3. Calculate f(r).
-3
Let h(y) be the third derivative of y**6/15 - y**5/60 + y**4/12 - y**3/6 - 5*y**2 + 3*y. Calculate h(1).
8
Let i(u) be the first derivative of -u**4/4 + 5*u**3/3 + 5*u**2/2 + 5*u - 4. Suppose -2*v = 4*w - 24 + 4, 2*w + 5*v = 2. Calculate i(w).
-1
Let o(l) = l**2 + l - 1. Let n be 12/4 - (0 + 4). Let z(k) = k**3 - 7*k**2 + 4*k - 4. Let h(d) = n*o(d) - z(d). Give h(5).
5
Let t(z) be the second derivative of z**8/6720 - z**7/504 + z**6/144 - z**5/60 - z**4/3 + z. Let n(w) be the third derivative of t(w). Give n(3).
-5
Let i(c) = -c + 5*c + 2 + 0 + c**2. Suppose 0 = -2*d + d + 5. Suppose m - 3*f - d = -14, 11 = -5*m - 2*f. Calculate i(m).
-1
Let i(h) = 2 + 5*h + 1 + 4*h. Suppose 0 = v - 3*x + 17, -3*x + 13 + 2 = 0. Calculate i(v).
-15
Let u be (6 - (30 - 6))/(6/4). Let g(y) = -y - 6. Calculate g(u).
6
Let g(d) be the first derivative of -d**2/2 - 2*d - 3. Let w(v) = -2*v - 3. Let a(l) = 11*g(l) - 6*w(l). What is a(5)?
1
Suppose 0 = 2*k - 2*q - 8, 5*q = -4*k - 3 + 1. Let z(l) = l + 2 + 3*l**k + l - 2*l**2 - 4*l. Determine z(2).
2
Let q(i) = 3*i - 2*i + 3*i**3 - 2*i**3 + 4*i**2 + 4. Suppose -50*n + 53*n = -12. What is q(n)?
0
Let r(y) = -4*y - 1. Suppose 5*z - 2*z = -5*k + 16, -4*z - 7 = k. Suppose -k*d = 11 + 4. Give r(d).
11
Let x(w) = 3*w**3 + w**2 + 5*w - 2 - 6*w + 3 + 3*w**3. What is x(1)?
7
Suppose -2 = -2*q + q. Let z(u) = -4*u**2 + 3*u - u + 3*u + q - u**3. What is z(-5)?
2
Let a(u) = -u**2 - 5*u - 3. Let i(q) = q**2 + 5*q - 3. Let r be i(-6). Suppose 22 = -4*b + 2*s - 4*s, -2*b = -r*s - 9. Calculate a(b).
3
Let s(q) = 5*q**3 - 5*q**2 + 6*q + 6. Let n(j) = -11*j**3 + 11*j**2 - 13*j - 13. Let f(x) = 6*n(x) + 13*s(x). Determine f(-2).
12
Su